he tens digit of 6757355?
5
What is the thousands digit of 1488742?
8
What is the hundred thousands digit of 190347?
1
What is the tens digit of 9446174?
7
What is the hundred thousands digit of 156239?
1
What is the ten thousands digit of 3443359?
4
What is the ten thousands digit of 184985?
8
What is the units digit of 57824?
4
What is the ten thousands digit of 7993949?
9
What is the hundreds digit of 138113?
1
What is the ten thousands digit of 540707?
4
What is the ten thousands digit of 7431411?
3
What is the ten thousands digit of 4243776?
4
What is the hundreds digit of 3688569?
5
What is the hundreds digit of 72669?
6
What is the tens digit of 382396?
9
What is the tens digit of 63149?
4
What is the units digit of 139804?
4
What is the hundreds digit of 616270?
2
What is the hundred thousands digit of 464818?
4
What is the hundreds digit of 20467997?
9
What is the millions digit of 3885781?
3
What is the units digit of 2999088?
8
What is the tens digit of 430151?
5
What is the ten thousands digit of 1079656?
7
What is the units digit of 334396?
6
What is the units digit of 5745209?
9
What is the thousands digit of 952913?
2
What is the tens digit of 1977843?
4
What is the thousands digit of 15359984?
9
What is the hundred thousands digit of 498974?
4
What is the units digit of 1424689?
9
What is the tens digit of 270870?
7
What is the thousands digit of 7753632?
3
What is the ten thousands digit of 1121933?
2
What is the ten thousands digit of 19864903?
6
What is the units digit of 5922290?
0
What is the units digit of 146870?
0
What is the thousands digit of 34757648?
7
What is the ten thousands digit of 2930547?
3
What is the hundreds digit of 6788074?
0
What is the tens digit of 8108739?
3
What is the millions digit of 1193357?
1
What is the hundred thousands digit of 1954849?
9
What is the tens digit of 339434?
3
What is the hundred thousands digit of 181973?
1
What is the hundreds digit of 394364?
3
What is the hundred thousands digit of 4144299?
1
What is the ten thousands digit of 95114?
9
What is the hundreds digit of 1395869?
8
What is the thousands digit of 7594203?
4
What is the thousands digit of 11746463?
6
What is the tens digit of 209375?
7
What is the ten thousands digit of 272115?
7
What is the thousands digit of 208696?
8
What is the tens digit of 1249178?
7
What is the tens digit of 302543?
4
What is the tens digit of 428204?
0
What is the thousands digit of 4928852?
8
What is the tens digit of 4574527?
2
What is the ten thousands digit of 474684?
7
What is the thousands digit of 261801?
1
What is the units digit of 343232?
2
What is the hundreds digit of 1215931?
9
What is the ten thousands digit of 20019672?
1
What is the tens digit of 3362219?
1
What is the millions digit of 1609067?
1
What is the hundred thousands digit of 4304881?
3
What is the units digit of 8741?
1
What is the units digit of 4121238?
8
What is the hundred thousands digit of 1334387?
3
What is the hundred thousands digit of 412968?
4
What is the tens digit of 26886561?
6
What is the hundreds digit of 346598?
5
What is the ten thousands digit of 470465?
7
What is the ten thousands digit of 21130612?
3
What is the ten thousands digit of 1246941?
4
What is the thousands digit of 458130?
8
What is the tens digit of 248960?
6
What is the hundreds digit of 2181358?
3
What is the thousands digit of 292252?
2
What is the ten thousands digit of 107082?
0
What is the tens digit of 4092811?
1
What is the hundred thousands digit of 3247715?
2
What is the units digit of 5756520?
0
What is the hundred thousands digit of 279075?
2
What is the thousands digit of 253432?
3
What is the units digit of 438570?
0
What is the ten millions digit of 18968160?
1
What is the millions digit of 2724893?
2
What is the thousands digit of 7225357?
5
What is the hundred thousands digit of 26947737?
9
What is the ten thousands digit of 217053?
1
What is the units digit of 1493553?
3
What is the hundreds digit of 6288416?
4
What is the millions digit of 18113182?
8
What is the thousands digit of 58067?
8
What is the thousands digit of 4898320?
8
What is the ten thousands digit of 1056629?
5
What is the hundreds digit of 19971500?
5
What is the units digit of 1169269?
9
What is the hundred thousands digit of 951910?
9
What is the tens digit of 715403?
0
What is the thousands digit of 3229455?
9
What is the units digit of 392715?
5
What is the ten thousands digit of 20422156?
2
What is the thousands digit of 1936368?
6
What is the thousands digit of 810765?
0
What is the units digit of 644857?
7
What is the millions digit of 2214644?
2
What is the thousands digit of 69905?
9
What is the hundreds digit of 1135921?
9
What is the hundreds digit of 1654703?
7
What is the units digit of 174405?
5
What is the millions digit of 12311588?
2
What is the thousands digit of 37335280?
5
What is the units digit of 560101?
1
What is the tens digit of 3898675?
7
What is the millions digit of 5455066?
5
What is the hundred thousands digit of 2707763?
7
What is the units digit of 623807?
7
What is the hundred thousands digit of 106684?
1
What is the hundred thousands digit of 205893?
2
What is the hundreds digit of 445119?
1
What is the hundred thousands digit of 10027002?
0
What is the hundreds digit of 2628752?
7
What is the hundreds digit of 199707?
7
What is the hundreds digit of 187790?
7
What is the ten thousands digit of 20426?
2
What is the millions digit of 1882875?
1
What is the units digit of 407972?
2
What is the hundred thousands digit of 390079?
3
What is the ten thousands digit of 105065?
0
What is the thousands digit of 232048?
2
What is the tens digit of 1418147?
4
What is the tens digit of 327720?
2
What is the thousands digit of 2350564?
0
What is the ten thousands digit of 1404408?
0
What is the millions digit of 1229466?
1
What is the ten thousands digit of 5599999?
9
What is the ten thousands digit of 4976014?
7
What is the units digit of 1038426?
6
What is the millions digit of 1393496?
1
What is the ten thousands digit of 88389?
8
What is the hundred thousands digit of 3351383?
3
What is the hundred thousands digit of 247041?
2
What is the tens digit of 422895?
9
What is the thousands digit of 89298?
9
What is the hundreds digit of 387262?
2
What is the units digit of 98828?
8
What is the ten millions digit of 21636793?
2
What is the units digit of 15688062?
2
What is the ten thousands digit of 940308?
4
What is the ten thousands digit of 1164231?
6
What is the tens digit of 1030375?
7
What is the hundreds digit of 265757?
7
What is the tens digit of 1346756?
5
What is the hundreds digit of 431387?
3
What is the tens digit of 2893747?
4
What is the hundreds digit of 1413745?
7
What is the ten millions digit of 10621097?
1
What is the hundreds digit of 167392?
3
What is the tens digit of 272875?
7
What is the units digit of 5060354?
4
What is the hundred thousands digit of 24097205?
0
What is the hundreds digit of 207978?
9
What is the tens digit of 355740?
4
What is the thousands digit of 90135?
0
What is the thousands digit of 3664238?
4
What is the thousands digit of 84693?
4
What is the hundred thousands digit of 868285?
8
What is the tens digit of 23504?
0
What is the units digit of 297218?
8
What is the tens digit of 123465?
6
What is the millions digit of 7806459?
7
What is the hundreds digit of 6649866?
8
What is the hundred thousands digit of 238881?
2
What is the tens digit of 182544?
4
What is the ten thousands digit of 1268326?
6
What is the hundreds digit of 711488?
4
What is the units digit of 2147535?
5
What is the tens digit of 803407?
0
What is the units digit of 2560707?
7
What is the thousands digit of 2229807?
9
What is the hundred thousands digit of 557916?
5
What is the thousands digit of 7514286?
4
What is the ten thousands digit of 10380301?
8
What is the thousands digit of 22998630?
8
What is the hundred thousands digit of 264543?
2
What is the ten thousands digit of 634467?
3
What is the ten thousands digit of 31856?
3
What is the tens digit of 63989?
8
What is the hundreds digit of 132329?
3
What is the thousands digit of 3052460?
2
What is the units digit of 1093313?
3
What is the millions digit of 5423851?
5
What is the thousands digit of 